 of 46 + -15 - (2 + 20)?
9
What is (0 + -1 + (-3 - 0) - -6) + -11?
-9
What is -1 - ((4 - 21 - -4) + 0) - 2?
10
What is the value of -36 - (-55 - -32) - (-11 - -1)?
-3
-23 + (5 - (-34 - -29))
-13
What is the value of 25 + (15 - 15) + -16?
9
Calculate -5 + (-10 - 3) + 2 + 2.
-14
-8 + -5 - (-45 + 19)
13
Calculate -16 - ((9 - -8) + -15).
-18
Calculate 55 + -56 - (-2 + -21 + -9).
31
Calculate (9 - 5) + -4 + 4 + -13 + 2.
-7
What is the value of 86 - 77 - (12 + 14)?
-17
What is -9 - (6 - 13) - (1 - 1) - -11?
9
What is the value of 1 + -5 + (3 + -3 - 7) + 5?
-6
Evaluate (47 - 37) + 3 + -12.
1
3 + (24 - 17) + -1
9
Evaluate 20 - (64 + -11 - 14) - 16.
-35
What is the value of (-27 - -25) + -14 + 8?
-8
Calculate 34 + 17 + (19 - 46).
24
-10 - (-5 + 11) - (-1 - (1 - 5))
-19
(1 + 15 - 16) + (6 - 1 - -1)
6
What is the value of (-6 - -1) + (2 - (-15 - -13)) + -10?
-11
What is -19 + 12 + -1 + 5?
-3
Calculate -3 + (8 - 2) + (-20 - (3 - 1)).
-19
What is (0 - -6) + -139 + 130?
-3
Evaluate (26 - 25) + 13 + 0 + (-4 - 0).
10
What is the value of -1 - 0 - 10 - ((-46 - -110) + -64)?
-11
What is the value of (7 - 0 - 10) + (-1 - (-2 - -7))?
-9
Calculate -3 - (-10 + 16 + -6).
-3
What is 10 + 20 + -29 + 2 - (-1 - -16)?
-12
What is (3 - -6) + -7 + -1 + (-3 - -1)?
-1
Calculate -46 - (9 + (-45 - -20)).
-30
What is the value of 22 - (-7 + 9 - 4 - -9)?
15
Evaluate 6 - (0 + 9 + 9).
-12
What is -12 + (-5 - (-17 - -10))?
-10
What is 14 + ((-5 - -11) + (4 - 7) - 10)?
7
What is 3 - (-7 + (1 - 20))?
29
(-18 - 13 - -12) + 17
-2
Evaluate -9 - (0 - -15 - (219 + -201)).
-6
(16 + -13 - 23) + 23
3
What is the value of 31 - 13 - (2 + (-5 - -8))?
13
-25 + 14 + 4 + (0 - (4 + -17))
6
Calculate -13 - (-11 - (-1 + 0 + (-4 - 2))).
-9
What is (42 - 37 - 16) + 20 + -2?
7
Evaluate -1 + 18 - (13 + -12 + 14 + -11).
13
Evaluate -14 - (9 + -13 - 18) - -17.
25
What is the value of -14 + 11 + -3 + -2 + 1 + 11?
4
What is the value of (17 - -33) + -25 + -11?
14
Evaluate 0 - -5 - (3 - (0 - -6 - 6)).
2
Calculate -24 + 16 + 7 + (0 - (1 - -2)).
-4
What is the value of -8 + (3 - 0) + 4 - -10?
9
Calculate 21 - -6 - (-4 + 5 - -5).
21
Evaluate 16 + -14 + (-9 - (2 - 4) - -2).
-3
Calculate -16 + 25 + -21 - -32.
20
What is the value of 8 - ((7 - (2 - -2)) + -4) - 0?
9
0 - (1 + 3 + (13 - (-16 + 30)))
-3
Evaluate -7 + 1 - -15 - (-16 - -14).
11
5 - ((-36 - -44) + -2 + 3 + -8)
4
What is 21 - ((20 - (-3 + 11 - 2)) + -9)?
16
What is the value of -73 + 37 - -30 - -32?
26
-18 - (16 + (-27 - (12 - 27)))
-22
10 - (1 + -14 + 11)
12
What is the value of (3 - 0) + (14 - (-8 + 11) - 6)?
8
Calculate (-1 + -24 - (77 + -107)) + 14 + 1.
20
Evaluate -9 + 25 + -8 + -11.
-3
What is the value of 1 + 1 + 3 + (83 + -29 - 67)?
-8
Evaluate -2 + 246 + -251 + 10 + -1.
2
What is 1 + -27 + (11 - (16 - (-1 - 1)))?
-33
What is -22 - ((-14 - 16) + 5)?
3
What is the value of (8 - 6) + -4 - ((-1 - 3) + -1)?
3
Calculate (6 - 1) + -13 + 10 + (0 - 5).
-3
What is 18 + -2 + 1 + (-23 - -14)?
8
-21 + -29 + 58 + 17
25
Calculate 2 + -11 - (-34 + 28 + -4).
1
-5 + -4 - -4 - (-8 - 2)
5
Evaluate (10 + -13 - (-9 - -4)) + (2 - 8).
-4
Calculate -1 + -13 + (21 - (8 + 25)).
-26
What is -25 + (-19 + (3 - -9) - 6)?
-38
-11 + (32 - -4) + -15 - 5
5
Evaluate (14 + -17 - -8) + -17.
-12
What is the value of 27 - 1 - 13 - 6?
7
17 + (-1 - (5 + 6)) + (1 - 24)
-18
Calculate -23 + (31 - (9 - 7)).
6
What is the value of 17 + (24 + -18 - 42)?
-19
Evaluate (13 - 22) + -14 + (8 - 6).
-21
-12 + 17 - (3 + -1 + 4 - 4)
3
(47 - -7) + (-25 - (-16 + 9))
36
Calculate (4 - (-1 - -4)) + (2 - 9).
-6
What is -8 + 7 + -4 + -7 + 3?
-9
(5 - ((97 - 73) + 0 + -1)) + -5
-23
Calculate 5 + -1 - (-6 + 3) - (6 + 0).
1
Calculate 12 + -22 + 21 + -12 + 28.
27
4 - (-23 + (23 - -9))
-5
Calculate -25 + (-20 + 5 + 5 - -20).
-15
What is the value of (7 - 45) + 61 - 50?
-27
Evaluate (-1 - 11) + 9 + -8.
-11
71 + -30 + -12 + -11 + 2
20
What is the value of 17 - (10 - (17 + 3 + 0 + -6))?
21
Calculate (-20 - -5) + 34 + -15.
4
Evaluate 13 + -3 + (566 - 614).
-38
What is 5 - (-10 + (-5 - (6 + -16 + -1)))?
9
Evaluate (0 - -3) + 5 + 5 + -5 + -5.
3
What is the value of (22 - (32 - 1)) + (-2 - (1 + -2))?
-10
What is (-2 - (1 + 1 - (122 - 122))) + -8?
-12
What is (-6 - (-12 - 3) - -10 - 5) + -5?
9
(20 - (11 - 1)) + 4 - 9
5
What is the value of 21 - (-13 + 7) - 21?
6
-8 - (5 - ((12 - 3) + 4))
0
What is (2 - 0) + -10 + 6 + -7 + -5?
-14
What is 5 - (1 - 3) - 0 - 9?
-2
What is (10 - 49) + (64 - 49)?
-24
What is the value of -52 + (-6 - -20) + 1 + 1 + 4?
-32
(1155 - 1154) + 29 + 0
30
What is the value of (-56 - -27) + 20 + 4?
-5
What is the value of 1 - (11 - 2) - 0?
-8
(10 - 1) + (-2 - 0) + (-121 - -126)
12
Calculate -43 + 10 + (-40 - -41).
-32
6 - (24 - 19 - (3 + 2))
6
-6 + (-10 - -11) + (30 - (-5 - -7))
23
Calculate -9 + (6 - (2 + 9) - -6).
-8
Calculate (4 + (-4 - 2 - -2) - -1) + -8.
-7
-20 + (-2 - 19 - -37)
-4
Calculate -1 + (8 - (2 + -5)) + 16 + -1.
25
What is the value of 4 + 2 + 2 + (569 - 564)?
13
Calculate 7 + -2 + -21 - -20.
4
Evaluate -5 + 1 - 1 - (10 + 8 - 17).
-6
What is 24 + -47 + -22 + 31?
-14
What is (43 - 4 - 64) + 61?
36
What is -1 - 5 - (3 + -1) - (110 - 111)?
-7
What is -7 + (22 - 21) + (8 - 1) + 16?
17
Calculate 15 + (2 - 1) + (6783 - 6814).
-15
Calculate (1 - 2 - 12) + 2 + 6 + 6.
1
Calculate 2 + -1 + -9 + (20 - (-8 + 24)).
-4
Calculate -6 + (-5 - -13) + -4 + (-3 - -5).
0
Calculate 2 - 20 - (8 + (-9 - 0 - -8)).
-25
Evaluate -15 + 6 + 24 - 15.
0
-3 - (8 + -10 + 7) - (-24 - 1)
17
(-4 - 8) + -8 + 14 + -9
-15
(-1 + -5 - (-5 + 12 + -20)) + -5
2
-14 - (15 + -1 + (-9 - 1))
-18
(1 - 4) + 10 + 5 + -16
-4
What is the value of 1 + (-39 - -15) + 16 - 17?
-24
Evaluate 13 - (28 - 18) - 20.
-17
What is the value of 17 + -2 - (17 - 5)?
3
What is the value of 12 - 28 - (-5 - (-4 - 0))?
-15
Evaluate 13 + (3 - -14 - 42).
-12
What is the value of -3 - (12 + -10) - -10?
5
-368 + 341 - (-9 - 0)
-18
16 + (14 - 23) + 0 + 2 + -4
5
Calculate 5 + (6 - (15 - (3 - -2))).
1
Calculate 7 + -1 - (-18 - -19).
5
Calculate 1 + -7 + 0 + 3 + (4 - -9).
10
What is the value of 5 - ((-4 + 3 - 10) + 3)?
13
(2 - (13 + -2)) + 40 + -42
-11
What is 1 - ((-23 - (-7 - -6)) + 9)?
14
Evaluate (-3 - -5) + 6 + -1 + -29 + 0.
-22
Evaluate -4 - (-4 + 19 + -6 - 6).
-7
(24 - 12) + 2 + -10
4
Calculate -19 + -21 + 11 - -28.
-1
Evaluate 8 - (2 + -4 + (7 - (4 - -3))).
10
(-25 - (-107 - -74)) + 0 + (1 - 39)
-30
(-6 - 3) + 12 + 0
3
-12 + 27 + (-1 + 4 - (7 - 0))
11
What is (13 - 1 - 0 - 2) + -26?
-16
What is (-3 - (-8 + 8)) + 8 - 15?
-10
Evaluate (-14 - 1) + -40 + 61.
6
Calculate 148 + -156 + (-1 - -8).
-1
Calculate 6 + -4 - (7 - -31).
-36
Calculate 14 + 0 + 424 + -436.
2
(-5 - -21 - (-3 - -8)) + -6 + 1
6
Calculate -6 - -4 - (-9 - 5 - -26).
-14
What is the value of -4 - (-9 + (21 - -7)) - -7?
-16
What is (6 - 0) + 3 + (6 - 12)?
3
What is (6 - 1 - 9 - -1) + -2?
-5
-8 - (-8 + 1 + 9 + -37)
27
Calculate -1 - ((-13 - 0) + (-27 - -35)).
4
What is the value of -48 + -1 + -340 + 360?
-29
What is 15 - (2 + -11 + (5 - 8))?
27
Calculate -684 + 683 + 1 + 8 + -1.
7
(5 - 21) + 6 + 2 - -3
-5
What is the value of 104 + -91 + (-2 - -2)?
13
Calculate 19 + (11 - (-10 - -39)) + -8 + 0.
-7
Evaluate -11 - (10 + (0 - 14) + 3 + -1).
-9
What is the value of 13 - ((11 - -1) + (-199 - -173))?
27
Calculate (10 - 8 - (6 + -2)) + (15 - 1).
12
Evaluate -12 - (-6 + 17 + -9 - 0).
-14
Evaluate 21 + (22 - (49 - 16)).
10
(19 + -17 + 4 - 16) + -8
-18
What is 14 - -2 - (8 + 16 + -10 + -14)?
16
What is the value of 3 - (12 - (13 + -1 - (-4 - -10)))?
-3
Evaluate -15 + (2 + -4 + 7 - 0 - -2).
-8
Evaluate -8 + 14 - (15 - -2 - (-9 + 9)).
-11
Calculate -9 - 2 - -16 - (-2 - -9).
-2
Evaluate 22 + -28 + (-18 - -7) - 0.
-17
(-12 - (26 - 37)) + -6
-7
What is the value of (-26 + -25 - -28) + 38?
15
Calculate 24 - 29 - -21 - 12.
4
-2 + (9 + -2 + -7 - (-2 - 3))
3
What is 0 + -8 - (9 - 18 - -2)?
-1
Evaluate (-2 - -4) + -8 + (38 - 51).
-19
Evaluate (-31 + 0 - (114 - 105) - -7) + 9.
-24
What is the value of 16 + -8 + -19 + 0 + 4?
-7
What is the value of -1 + -47 + 53 + (2 - 5) + 1?
3
-15 + 9 + (-7 - 8) + (-8 - -11)
-18
What is the value of -1 - ((-8 - -11) + -10 - 5)?
11
What is 3 + -2 - (14 + (-9 - 0 - -5))?
-9
What is 22 + (17 + (-28 - -6) - 16)?
1
-31 + 38 + -2 + 4 - (7 - 0)
2
Evaluate (-8 - 2) + (20 - -6).
16
Evaluate 